of g?
1
Let x be 7 - 1 - (-8 + 6). Suppose -x = 4*k + 44. What is the units digit of (k/65)/((-2)/230)?
3
Let x(m) be the first derivative of 9*m**2/2 - 22*m - 38. What is the units digit of x(17)?
1
Suppose 22*h + 145 = 27*h. Let t = h - -23. What is the tens digit of t?
5
Suppose -25*m + 30*m = 20. Suppose -6 = 3*d, m - 16 = 2*t - 2*d. Let l = t + 37. What is the units digit of l?
9
Let q be (35/70)/((-1)/28*-2). Suppose -7*w + 14 = -2*k - 3*w, w - 5 = 0. Suppose q*h = k*h + 188. What is the tens digit of h?
4
Let b(y) = -34*y - 72*y - 28 + 8*y**2 + y**2 - y**2 + 3. What is the thousands digit of b(23)?
1
Let g = 185 - -78. Let s be 183/(15/(-6) + 1). Let a = g + s. What is the units digit of a?
1
Suppose 20 - 12 = 4*y. Suppose v + 5*d = 9 + 15, y*v - 104 = 4*d. What is the units digit of v?
4
Let h(s) be the third derivative of 37*s**5/20 - s**4/6 - s**3/6 + 4*s**2 + 6. What is the units digit of h(-2)?
1
Let r(q) = -321*q**2 + 7*q + 11. Let l be r(-2). Suppose 2*d + 3*t = -1, -2*d + t = -4*t - 7. What is the units digit of ((-3)/(-6))/(d - l/(-1290))?
5
Let r(a) = a**3 + 100*a**2 + 118*a - 423. What is the hundreds digit of r(-97)?
3
What is the thousands digit of 47990/4*(-100)/(-250)?
4
Let c = -38 - -42. Let l be (12/18)/(c/30). What is the units digit of l/(-15) - 957/(-9)?
6
Let c be (5 + 477/36)/(2*2/16). Suppose 0 = -4*l + 3*l - 2. What is the units digit of c + l + (0 - -2) + -1?
2
Suppose 41*s = 40*s + 1228. Suppose -4*c + s = 44. Suppose -3*j + c + 355 = 0. What is the hundreds digit of j?
2
Let x be ((-15)/(-2))/((-15)/(-10)) + 4757. Suppose -5*t + x + 1318 = 0. What is the tens digit of t?
1
Let o = -303 + 279. What is the units digit of 372 + o + (-6 - -2)?
4
Let a(u) be the second derivative of 13*u**3/3 + 69*u**2/2 - 32*u. What is the units digit of a(24)?
3
Suppose -268 = 4*n - 4*y, -4*n - 5*y - 232 = -0*n. Let j = n - -45. Let u = 68 - j. What is the units digit of u?
6
Let c be 2 + 164*-1*(-3 - -2). Suppose -8*d = c + 138. Let z = d - -71. What is the tens digit of z?
3
What is the units digit of (-2)/20 - (30 + 408887/(-370))?
5
Suppose 0 = -2*b - 1 - 1. Let d(y) = 148*y**2. What is the tens digit of d(b)?
4
Suppose 3*l = o - 3*o + 36056, -3*o = -3. Suppose -10*p + l - 3808 = 0. What is the tens digit of p?
2
What is the hundreds digit of 36/(-156) + (-373980)/(-39) + -4?
5
Suppose 20356 + 469949 = 15*v. What is the thousands digit of v?
2
What is the units digit of 0*(-11)/(-121) + 8263?
3
Suppose a = -r - 4*a + 29, -2*r + 22 = a. Let j(t) = -15*t + 342. Let l be j(0). Suppose 6*p + l = r*p. What is the hundreds digit of p?
1
Let m(q) = 1683*q - 2196. What is the tens digit of m(40)?
2
Let o(s) = -25*s**3 - 24*s**2 - 2*s - 21. What is the thousands digit of o(-7)?
7
Suppose -34540 = -j + 4*i, 0 = -21*j + 17*j - i + 138075. What is the ten thousands digit of j?
3
Suppose -8*u = 22 - 14. Let f be (-4)/4 - (-175 - u). Suppose -f = -m - v - 25, -5*m + v = -746. What is the hundreds digit of m?
1
Suppose 9*z + 21424 = 2*i + 5*z, -z + 53538 = 5*i. What is the units digit of i?
8
Let j = 11061 - 22267. Let i be 3 - (j/(-39))/(4/(-6)). Suppose 2*y = 4*k + i, -2*k - 258 = -5*y + 811. What is the tens digit of y?
1
Let u be (-2)/(-3)*399/(-28)*-2. Suppose 5*g - 25 = -t, 4*t + 4 - u = -3*g. What is the units digit of g?
5
Let y = 2081 + -1358. Let d = y - 216. What is the hundreds digit of d?
5
Suppose 0 = -5*x + 20, -8795 = -4*f + 3*x + 14757. What is the thousands digit of f?
5
What is the tens digit of ((-8)/6)/(529812/(-105948) + 5)?
6
Let t(n) = n**3 - 6*n**2 + n - 6. Let m be t(6). Suppose -11*l + 6*l - 30 = m. Let g = l - -28. What is the units digit of g?
2
Let l(u) be the first derivative of 5*u**3/3 - 5*u**2 + 25*u + 454. Let a be 64/10 - 6/15. What is the units digit of l(a)?
5
Suppose 20*s - 67536 - 131520 = -5456. What is the thousands digit of s?
9
What is the thousands digit of (6/9)/1*(271602/36 + 14)?
5
Let v = 53 + -49. Suppose 4*r = 4*n - 8, r + v*r - 3*n + 10 = 0. What is the tens digit of 52/r*(-2 + 0)*1?
5
Suppose 2*v = -3*j - 121, -v + 159 = -4*v + 3*j. What is the hundreds digit of (-3)/(-7) + (54360/v)/(-3)?
3
Let c = 3 - -262. Suppose 2*v + c = 749. What is the hundreds digit of v?
2
What is the units digit of ((-67508)/21)/((-13 - -16) + 29/(-9))?
6
Let t = 32247 - -26063. What is the units digit of t?
0
What is the units digit of -1 - ((-7 - -13) + -5556)?
9
Let u(o) = -o**3 + 32*o**2 - 31*o + 31. Suppose -261*r + 269*r = 232. What is the thousands digit of u(r)?
1
Let l(o) = 4*o**3 - 14*o**2 - 77*o + 14. What is the hundreds digit of l(13)?
4
Let a = 17 + -14. Suppose -g + 4*q + 298 = 0, -a*q = 4*g - 796 - 396. Let r = g - 177. What is the units digit of r?
1
Suppose 22 = 2*x + 16. Suppose -x*y - 17 = -5. What is the units digit of 524/1*(-2)/y?
2
Let m = -11 + -5. Let w(r) = 2*r**2 + 46*r + 10. Let z(s) = s**2 + 23*s + 5. Let f(d) = -3*w(d) + 5*z(d). What is the hundreds digit of f(m)?
1
Let x(s) = -1089*s - 32. Let i be x(-1). Suppose -4*k + 2677 = 5*u, 4*u = 6*u - 3*k - i. What is the hundreds digit of u?
5
Let y(q) = q**3 - q**2 - 4*q - 10. Let p be y(3). What is the hundreds digit of -1*(-20)/p + 202 - 0?
1
What is the hundreds digit of 3332/2 + 11/((-176)/(-128))?
6
Suppose 91 - 3 = -8*v. Let j(p) = -18 + 11*p**2 + 63 + p**3 - 11*p - 29. What is the units digit of j(v)?
7
Let f = 60434 - 25465. What is the tens digit of f?
6
Let o = 59361 - 34899. What is the units digit of o?
2
Let u(m) = -3*m - 16 + 119095*m**2 - 118981*m**2 - 7*m. What is the hundreds digit of u(-2)?
4
Let z = 35 + -21. Let s(n) = 54 + 4*n**2 - 5*n**2 - 472*n + 501*n - 17. What is the units digit of s(z)?
7
Let c be ((-30 + 0)/2)/(-1). Let w(m) be the first derivative of 2*m**3/3 - 21*m**2/2 - 8*m + 13. What is the units digit of w(c)?
7
What is the hundreds digit of (9/63)/(1/7) - (-51121 - -52)?
0
Let g(t) = -t - 124. Let q be g(0). Let r be (-6)/(-9)*534/(-4). Let y = r - q. What is the units digit of y?
5
Let b be -106*(-76)/24 - (-3)/9. Let t = -112 + b. What is the hundreds digit of t?
2
Suppose 0 = 5*o + 5*o - 20. Suppose 5*f + 945 = -4*w, -3*w - 703 = o*f + 11. Let r = -84 - w. What is the units digit of r?
6
What is the tens digit of (((-4275)/12)/1)/(17/(-68))?
2
Let v = 16 + -16. Suppose v = -6*k + 9*k - 90. What is the tens digit of (1 - k/12)/(2/(-268))?
0
Suppose 3*f = 2*q - 641, 5*f + 1517 = 5*q - 83. Let x = 444 + -249. Let u = q - x. What is the hundreds digit of u?
1
Let p = -38934 + 96189. What is the thousands digit of p?
7
Let y = 4 + -1. Let j(h) = -118 + 58 + 23*h + 61. What is the units digit of j(y)?
0
Let l be (-4*(-2)/24)/((-2)/(-6)). What is the tens digit of 554/((l/(-3))/(13/(-78)))?
7
Let o be (-2)/(-3 - 25/(-10)). Suppose -f - o*p + 145 = -82, 4*p - 12 = 0. Suppose 2*t - 79 - f = 0. What is the tens digit of t?
4
Suppose 2*x + 9*c + 2 = 11*c, 5*c = 20. Suppose -2*o = 6, s - 1369 = 2*o - x*o. What is the hundreds digit of s?
3
Suppose -14*o - 700 = -18*o. Let p = o + -75. What is the units digit of p?
0
Suppose 2 = -20*q + 22*q. Let v be ((-56)/(-12) + -4)/(q/(-3)). What is the tens digit of 68 + 8 + v + 3*1?
7
Suppose p - 4*f - 8551 = 0, -6750 - 1801 = -p - 4*f. What is the units digit of p?
1
Suppose 1577 - 5887 = -2*f. Suppose 3*j = -g + 1630, -j - 3*j = 5*g - f. What is the units digit of j?
5
Let h(a) = -11*a - 17. Let p(i) = -160 - 68 - 220*i - 113. Let z(k) = 121*h(k) - 6*p(k). What is the tens digit of z(-5)?
4
Let f be 0 + 2 + 0 + 21. Let h = f + -22. What is the tens digit of 10 + -2 - h*-3?
1
Let t(k) = k**2 + k - 8. Let h be t(-5). Suppose 12*w = 6*w + h. Suppose 2*j - 3*d = 50, w*j + 4 - 54 = -2*d. What is the units digit of j?
5
Let q(l) = 31*l**2 + 10*l + 6. Let v be q(-6). Let s = v + -496. What is the units digit of s?
6
Let q be 182/(-2)*114/(-133). Let v = 148 - q. Let s = 8 + v. What is the tens digit of s?
7
Suppose 4*r - 9 = 3*r + 3*g, 5*g = -2*r - 4. What is the hundreds digit of 17 + -18 + 762/r?
2
Suppose -10*c - 25984 = -101704. What is the hundreds digit of c?
5
Let y(a) = -3*a - 32. Let r be y(-7). Let z(d) = -25*d - 190. What is the units digit of z(r)?
5
Let v = 8057 - 5485. What is the thousands digit of v?
2
Let f = -123 + 123. Let j be (f - (-4)/(-22)) + 9460